et f(o) = -16*o - 1. Determine f(2).
-33
Let s(i) = i**3 - 23*i**2 - i - 33. Give s(23).
-56
Let w(h) = -h**3 - 6*h**2 - 6. Determine w(-6).
-6
Let k(g) = g**3 - 37*g**2 + g - 41. Calculate k(37).
-4
Let p(a) = -25*a**3 - 2*a**2 - a + 2. Determine p(-1).
26
Let v(r) = -46*r**3 + r**2 + 3*r + 2. What is v(-1)?
46
Let m(v) = -v**3 + 4*v**2 + 9*v + 6. Determine m(6).
-12
Let i(m) = -3*m + 45. Calculate i(8).
21
Let u(h) = -h**2 - 17*h - 2. Determine u(-17).
-2
Let x(z) = -z**3 + 2*z**2 + 2*z - 4. What is x(-3)?
35
Let s(x) = 8*x + 110. Calculate s(-13).
6
Let k(x) = -x**2 + 18*x + 75. What is k(-4)?
-13
Let d(k) = -k**3 + k**2 + k - 2. Determine d(-2).
8
Let j(b) = -b + 3. Calculate j(-5).
8
Let j(m) = -m**2 + 2*m + 5. Calculate j(-2).
-3
Let n(f) = -f**2 + 18*f - 37. Determine n(15).
8
Let t(m) = 4*m + 41. Give t(-12).
-7
Let b(n) = n**2 + 23*n + 10. Give b(-19).
-66
Let w(y) = y**2 + 30*y + 142. What is w(-24)?
-2
Let v(l) = -l**3 - 5*l**2 + 5*l - 6. Determine v(-6).
0
Let d(i) = i**3 + 5*i**2 + 2*i - 3. Give d(-4).
5
Let q(u) = 2*u**2 + 8*u + 6. Calculate q(-5).
16
Let g(k) = k**3 - 27*k**2 + 28*k - 38. Calculate g(26).
14
Let n(a) = -43*a. Give n(2).
-86
Let l(k) = 12*k + 46. Give l(-5).
-14
Let g(c) = -3*c - 9. Give g(-6).
9
Let u(i) = i**2 - 9*i - 3. What is u(8)?
-11
Let m(z) = 19*z + 65. Determine m(-3).
8
Let k(g) = g**3 + 10*g**2 - 2*g - 15. Calculate k(-10).
5
Let b(n) = -3*n - 1. Give b(4).
-13
Let h(p) = 5*p + 52. Calculate h(23).
167
Let d(s) = -s**3 - 11*s**2 - 12*s - 5. Give d(-9).
-59
Let i(d) = d**2 - 9*d + 17. Determine i(8).
9
Let c(u) = u**2 - 13*u - 123. Determine c(19).
-9
Let s(b) = b**3 + 9*b**2 + 23*b - 3. What is s(-3)?
-18
Let z(f) = 2*f**2 + 21*f + 38. Give z(-9).
11
Let q(a) = 93*a + 466. Calculate q(-5).
1
Let z(n) = n**3 + 11*n**2 + 11*n - 40. Calculate z(-9).
23
Let h(m) = m**3 + m**2 - 24*m - 5. Determine h(-4).
43
Let o(i) = -i**3 - 11*i**2 + 14*i - 4. What is o(-13)?
152
Let k(q) = -q**2 + 14*q + 24. Calculate k(16).
-8
Let v(h) = -2*h + 88. Calculate v(38).
12
Let y(f) = f**3 + 3*f**2 - 2*f + 3. Calculate y(-2).
11
Let u(f) = -f**3 + 6*f**2 - 11*f + 22. What is u(5)?
-8
Let h(p) = 4*p**3 + 4*p**2 + 3*p - 3. Determine h(-2).
-25
Let u(b) = -2*b**2 + 10. What is u(-3)?
-8
Let x(v) = v**2 - 3*v - 6. Determine x(6).
12
Let z(s) = -2*s**2 + 52*s - 169. Calculate z(22).
7
Let v(b) = 7*b**3 + b**2 + 30*b - 31. What is v(1)?
7
Let z(j) = -8*j + 27. Give z(3).
3
Let f(h) = 2*h - 1. Determine f(-3).
-7
Let n(s) = -s**2 - 9*s + 4. Calculate n(-9).
4
Let h(b) = -b**3 + 13*b**2 - 11*b - 15. Calculate h(12).
-3
Let g(h) = 3*h - 3. Determine g(0).
-3
Let x(u) = -u**3 + 19*u**2 + u - 41. Give x(19).
-22
Let c(u) = -3*u - 165. Calculate c(-34).
-63
Let p(r) = -r**3 + 7*r**2 + 29*r + 14. Give p(10).
4
Let v(s) = 2*s**3 + 23*s**2 - 10*s + 16. Give v(-12).
-8
Let t(b) = -b**2 - 5*b - 5. Calculate t(-6).
-11
Let o(w) = w**2 + 25*w + 6. Give o(-23).
-40
Let t(g) = -2*g**2 + 10*g + 34. Give t(-3).
-14
Let c(m) = m + 7. What is c(-10)?
-3
Let z(m) = -28*m**2 - 3*m - 2. Determine z(-2).
-108
Let j(g) = -20*g + 25. Calculate j(6).
-95
Let o(k) = k**3 - 9*k**2 - 10*k - 4. Determine o(10).
-4
Let a(o) = -3*o + 2. Calculate a(10).
-28
Let h(q) = -q**3 + 15*q**2 + 17*q - 15. Give h(16).
1
Let f(w) = w**2 + 7*w - 10. Calculate f(-8).
-2
Let f(q) = q + 8. Give f(-23).
-15
Let o(n) = 15*n + 124. Calculate o(-9).
-11
Let l(g) = 4*g - 295. What is l(74)?
1
Let h(n) = -n**3 - 8*n**2 + 8*n - 6. Determine h(-9).
3
Let m(j) = -2*j + 10. Calculate m(6).
-2
Let b(x) = 2*x**2. What is b(-2)?
8
Let q(k) = 2*k**2 - 9*k - 2. Determine q(4).
-6
Let l(x) = 2*x**3 - 2*x**2 - 4*x - 2. Calculate l(-1).
-2
Let k(h) = -h**2 - 9*h - 12. Calculate k(-8).
-4
Let q(o) = -21*o**2 - 127*o - 9. Determine q(-6).
-3
Let h(k) = 11*k + 80. Determine h(-15).
-85
Let m(f) = -2*f**2 + 31*f - 30. Calculate m(13).
35
Let z(f) = 2*f**2 - 32*f + 13. Give z(14).
-43
Let l(y) = 43*y**2 - 11*y + 16. Give l(2).
166
Let w(k) = 60*k**3 - k**2 + 9*k + 8. Give w(-1).
-62
Let c(x) = x**3 - 11*x**2 + 9*x + 7. Give c(10).
-3
Let n(l) = -l**2 - 163*l - 1956. Give n(-13).
-6
Let t(p) = -2*p**2 - 50*p - 94. Calculate t(-2).
-2
Let r(i) = 8*i - 40. Calculate r(5).
0
Let i(c) = c**3 + 9*c**2 + 12*c - 12. Give i(-7).
2
Let q(f) = -2*f**2 + 29*f - 17. Calculate q(14).
-3
Let u(y) = -y**3 + 21*y**2 - 38*y + 11. Calculate u(19).
11
Let j(y) = -y**3 - 5*y**2 + 3*y - 13. What is j(-6)?
5
Let m(p) = p**2 + 2*p - 7. Give m(8).
73
Let z(r) = -3*r - 14. What is z(-11)?
19
Let n(z) = 7*z**2 - 4*z + 12. Calculate n(3).
63
Let u(a) = -2*a**2 + 3*a - 6. Give u(6).
-60
Let y(d) = -d**3 + 6*d**2 - d - 2. Calculate y(6).
-8
Let z(b) = b**2 - 6*b - 4. Give z(6).
-4
Let v(b) = -b - 18. Determine v(-19).
1
Let m(r) = r**3 - 6*r**2 - 5*r + 2. Determine m(7).
16
Let z(g) = -g**3 + 15*g**2 - 14*g - 21. What is z(14)?
-21
Let r(h) = h**2 + 16*h + 33. Determine r(-14).
5
Let x(c) = 3*c + 30. Determine x(-12).
-6
Let l(m) = 5*m - 25. What is l(7)?
10
Let o(b) = 2*b + 5. Give o(-4).
-3
Let p(g) = -22*g**2 - 2*g + 3. Determine p(2).
-89
Let x(j) = -j**3 + 10*j**2 + j - 12. Determine x(10).
-2
Let i(s) = s**2 - 2*s + 5. Calculate i(4).
13
Let n(z) = 10*z - 2. Give n(2).
18
Let s(q) = -q**2 - 15*q - 12. Calculate s(-15).
-12
Let p(c) = 2*c**3 + 14*c**2 - 2. Calculate p(-7).
-2
Let g(s) = s**3 - 8*s**2 + s - 10. What is g(7)?
-52
Let h(b) = -2*b**3 + 3*b**2 + 3*b - 3. What is h(3)?
-21
Let s(x) = x**3 - x**2 - 3*x + 1. Give s(-2).
-5
Let g(x) = -x**2 + 20*x - 28. Give g(19).
-9
Let r(b) = -b**3 + 10*b**2 + 11*b + 8. Calculate r(11).
8
Let x(w) = w**3 + 34*w**2 + 9. Calculate x(-34).
9
Let i(x) = -2*x**2 + 6*x. What is i(6)?
-36
Let r(n) = n**3 - 10*n**2 - 10*n - 1. Determine r(11).
10
Let h(y) = y**3 + 5*y**2 - 14*y + 73. Calculate h(-8).
-7
Let x(g) = 2*g - 36. Give x(13).
-10
Let j(p) = p**3 - 21*p**2 - 20*p - 23. Determine j(22).
21
Let q(i) = -i**3 - 9*i**2 - 11*i + 2. Calculate q(-8).
26
Let p(c) = c**3 + 10*c**2 - 9*c + 12. Calculate p(-11).
-10
Let u(c) = -c**3 + 6*c**2 + 4*c - 10. Calculate u(7).
-31
Let t(b) = 74*b - 585. What is t(8)?
7
Let w(r) = -4*r + 17. What is w(6)?
-7
Let s(g) = 2*g + 9. What is s(-4)?
1
Let r(h) = h**2 - 47*h + 318. Calculate r(8).
6
Let b(c) = -c - 6. Calculate b(-3).
-3
Let g(q) = -q - 43. What is g(8)?
-51
Let w(c) = c**3 + 8*c**2 + 3*c - 14. What is w(-5)?
46
Let j(g) = g**2 - 13*g + 2. Give j(10).
-28
Let w(p) = 5*p - 44. Give w(6).
-14
Let n(z) = z**2 + 2*z + 1. Give n(-4).
9
Let l(i) = 2*i**2 - i + 1. Calculate l(4).
29
Let j(w) = 3*w**2 - 13*w + 2. Determine j(6).
32
Let v(h) = 4*h**3 - 3*h**2 - 3*h - 4. Calculate v(2).
10
Let j(w) = w**2 + 6*w + 13. Determine j(-6).
13
Let o(v) = 4*v**3 + 25*v**2 + 9*v + 21. Give o(-6).
3
Let s(y) = -y**3 - 6*y**2 - 8*y + 6. What is s(-3)?
3
Let p(x) = 4*x**2 - 3*x + 4. Give p(4).
56
Let j(r) = -r**2 + 27. Determine j(5).
2
Let q(w) = -13*w**3 - 3*w**2 - 2*w - 3. What is q(-2)?
93
Let h(d) = d**2 - 5*d. What is h(5)?
0
Let s(f) = 2*f**2 - 27*f + 1. What is s(0)?
1
Let i(h) = h**3 + 2*h**2 - 15*h - 4. Give i(3).
-4
Let k(q) = 14*q - 336. What is k(26)?
28
Let b(v) = 3*v - 34. What is b(14)?
8
Let z(y) = y**3 - 3*y**2 - y + 1. Determine z(1).
-2
Let h(t) = -t**2 + 11*t - 24. Determine h(9).
-6
Let f(k) = -7*k + 20. Determine f(5).
-15
Let j(z) = -z**2 + 2*z - 2. What is j(0)?
-2
Let t(a) = 3*a**2 + 26*a + 18. Give t(-10).
58
Let z(l) = -l**3 - 7*l**2 - 5*l + 2. Give z(-4).
-26
Let c(s) = -s**3 - 10*s**2 + 12*s + 14. Give c(-11).
3
Let x(y) = -12*y**3 - y**2 + 3*y + 3. Calculate x(-1).
11
Let l(m) = 10*m + 16. What is l(-2)?
-4
Let k(o) = -11*o + 17. What is k(4)?
-27
Let r(d) = d**3 + 10*d**2 + 11*d + 10. Give r(-9).
-8
Let n(k) = -k**2 + 4*k + 13. Give n(6).
1
Let t(b) = b**3 - 7*b**2 - 18*b + 61. Calculate t(8).
-19
Let w(t) = t**2 + 2*t - 2. Calculate w(3).
13
Let k(r) = 2*r + 8. What is k(-11)?
-14
Let s(b) = 7*b - 49. Give s(6).
-7
Let y(s) = -s**3 + 2*s**2 + 4*s - 2. What is y(-2)?
6
Let t(j) = 5*j**2 + 1. Give t(1).
6
Let u(w) = 3*w**2 - 62*w - 92. What is u(22)?
-4
Let d(c) = c**3 - 4*c**2 + 4*c - 1. What is d(4)?
15
Let q(v) = 2*v**3 + 50*v**2 + 7*v + 24. Calculate q(-25).
-151
Let p(k) = 2*k - 13. Give p(2).
-9
Let y(t) = -t**3 + 2*t**